 Let u be q(2). Let m = u + 16. Suppose 2*n = 7*n - 35. Calculate the highest common divisor of m and n.
7
Let a = 86 - 42. Calculate the highest common divisor of 4 and a.
4
Let i = 15 + -13. Suppose -2*w + 3*f = -4*w + 47, -31 = -w - 3*f. What is the greatest common factor of w and i?
2
Suppose 2*t - 8 = -2*t. Suppose -t*h + 0*h + 4 = 0. What is the highest common divisor of 14 and h?
2
Let u = 56 - 32. Let t = 138 + -78. What is the highest common divisor of u and t?
12
Suppose 4*j = 2*j + 6. What is the greatest common divisor of 12 and j?
3
Suppose -6*d + 48 = -2*d. Let b be (-3370)/(-35) - (-2)/(-7). Calculate the highest common factor of b and d.
12
Let k be (1 - -1)*(5 + -1). Let x be 2/(-7) + 900/14. Calculate the greatest common factor of x and k.
8
Suppose 0 = -3*r + 5*r - 5*m - 31, 0 = -4*m + 4. What is the greatest common divisor of 162 and r?
18
Suppose -5 + 14 = 3*a. Let g be a*(-6)/(-9)*3. What is the greatest common factor of 66 and g?
6
Suppose -25 = -5*o, 3*u + 3*o + 8 = o. Let x(r) = -r**2 - 13*r - 2. Let c be x(u). Let k = -2 + 7. What is the greatest common factor of k and c?
5
Let l(d) = -d + 16. Let b be l(-11). Calculate the greatest common factor of b and 27.
27
Suppose 0 = -0*w + w. Suppose w*m + 30 = 5*m. Let s(q) = q**3 - 6*q**2 + q + 2. Let x be s(m). What is the highest common divisor of x and 2?
2
Suppose -42 = -x - x. Let f(d) = -2*d - 3. Let n be f(-3). Calculate the highest common factor of x and n.
3
Let p be (-2 - -81) + 1/(-1). Suppose 5*d - 3*d - 26 = 0. What is the highest common divisor of d and p?
13
Suppose -3*g = -5*g + 4. Let y = 22 - g. What is the greatest common divisor of y and 4?
4
Let u be 125/15 + (-2)/(-3). Suppose -3*m + 126 = -m. Calculate the greatest common factor of m and u.
9
Let y(a) = a**2 + 125. Let p be y(0). What is the greatest common factor of 50 and p?
25
Let j(h) = h**3 - 2*h**2 + 2*h + 13. Let v be j(3). What is the greatest common divisor of 252 and v?
28
Let k(t) = 10*t - 5. Let g be k(5). Let c be -2 + 1 - g/(-3). Let j be -2 - (3 + -17 - 2). What is the highest common factor of j and c?
14
Let b be 0 - (-3 + -29 + 2). Calculate the greatest common factor of 20 and b.
10
Suppose 0*f - 284 = -4*b - 4*f, 5*b - 4*f = 364. Calculate the greatest common divisor of 8 and b.
8
Suppose -8*w = -4*w - 16. Let g(k) = k + 3. Let j be g(5). Calculate the greatest common factor of j and w.
4
Let r = -2 - -13. Let o(d) = -2*d**3 - 2*d**2 + d - 4. Let j be 3/(3*1/(-4)). Let h be o(j). What is the highest common factor of r and h?
11
Suppose -93 - 87 = -4*o. Suppose 3*b = -5*m + 54, 18 = -0*b + b - 2*m. What is the greatest common divisor of o and b?
9
Suppose x + 3 = 24. What is the highest common divisor of x and 42?
21
Suppose 3*f = 0, 0*c - 2*c + 3*f = -2. Suppose 0 = 4*g - 21 + c. Suppose 2*h - 73 = 3*o + 55, -g*o + 64 = h. What is the highest common factor of 16 and h?
16
Suppose -3*u + 177 = -3*w, 2*u - 124 = 5*w - w. Let o(s) = -7*s + 1. Let y be o(-1). What is the highest common divisor of y and u?
8
Let q be (3 - 33)*2/(-3). Let z(n) = -76*n - 8. Let i be z(-3). What is the greatest common divisor of i and q?
20
Let t(z) = 66*z - 2. Let p be t(1). Let r(f) = -f + 3. Let o = -8 + 3. Let a be r(o). Calculate the highest common divisor of a and p.
8
Let c(j) = j**3 - j**2 - j + 14. Let x be c(0). Suppose -4*r = -2*h + 156 + 92, -629 = -5*h + r. Calculate the highest common divisor of h and x.
14
Let k(n) = -n**3 - 5*n**2 + n + 2. Let d be k(-5). Let t = 9 + d. Let c(q) = q**2 + q - 6. Let f be c(t). Calculate the highest common factor of f and 12.
12
Let i = 12 + -10. Calculate the greatest common factor of i and 10.
2
Suppose 0*r - 5*y = 4*r - 124, 4*r - 3*y = 92. Suppose -191 = -3*h + 4*v, 117 = 2*h + v - 14. Calculate the greatest common divisor of h and r.
13
Suppose 0 = 5*s - 26*s + 42. Let a(t) = -7*t + 4. Let l be a(-5). Suppose -l + 7 = -4*d. Calculate the greatest common divisor of d and s.
2
Let r be (-20)/(-6) - (-2)/3. Suppose -4*i + 46 = f, 0 = -r*i + i + 12. What is the highest common divisor of f and 6?
6
Let l = -11 + 44. Calculate the greatest common divisor of 3 and l.
3
Let i be -45*1/5*-6. What is the greatest common factor of 36 and i?
18
Suppose -g + 12 = 5*h + 2*g, -4*h - 4*g + 16 = 0. Suppose h = 5*i - 2 - 28. Calculate the greatest common factor of i and 2.
2
Let n be 10/(-25) - 104/(-10). What is the highest common divisor of 20 and n?
10
Suppose 5*d = -4*u + 912 + 499, -3*d + u + 850 = 0. Suppose 103 - d = -4*r. Calculate the greatest common factor of r and 5.
5
Suppose -4*l = 5*p - 49, -3*p - 4*l + 0*l + 31 = 0. Suppose 0 = 4*n + 2*h - 4*h, -2 = 4*n - 3*h. Calculate the highest common factor of p and n.
1
Let l = 61 + -16. What is the greatest common divisor of 18 and l?
9
Suppose i = -5*f + 19, -3*f - 3*i - i = -8. Let k be (2 + -1)*(1 - 8). Let c = 29 - k. What is the greatest common factor of c and f?
4
Let s be (-1)/4 - 9/(-4). Suppose 90 = 10*n - 90. Calculate the greatest common factor of s and n.
2
Let t(r) = -r**2 - 9*r - 6. Let m be t(-7). What is the highest common factor of 4 and m?
4
Let w = 84 - 42. Suppose 0 = g - 1 - 6. What is the greatest common factor of w and g?
7
Let u = 38 - 18. Suppose 3*o = -o + u. Suppose 0*t = o*t - 15. What is the greatest common factor of 15 and t?
3
Let s be 9/6*(-4)/3. Let j be (3/(-6))/(s/36). Calculate the highest common divisor of 6 and j.
3
Suppose -76 = 13*p - 232. Let t be (-24)/(-2 - 8/(-5)). What is the greatest common factor of t and p?
12
Let q = -36 + 86. Let j = q - 30. What is the highest common divisor of j and 30?
10
Suppose -g + w = -20, 2*g + 2*w - 31 - 17 = 0. What is the greatest common divisor of 154 and g?
22
Suppose i + 42 = 3*i. Let h be 7/(i/36) - 0. Let b(k) = 5*k**2 - 7*k - 6. Let d be b(6). Calculate the greatest common factor of d and h.
12
Let c be 1*(23 - 1)/2. Suppose -26 = 4*o - 2*a + 8, -2*a = -10. Let d = c + o. What is the greatest common divisor of d and 15?
5
Suppose -13 = -4*s + g, 5*s + 2*g - 14 = g. Suppose -s*n + 2*n + 35 = 0. What is the highest common factor of n and 14?
7
Let l(a) = a**2 - 3*a**2 + 2*a + a**3 - 8 - 4*a**2. Let b be l(6). Suppose -b*t + 22 = -82. Calculate the highest common factor of 65 and t.
13
Suppose -249*b = -251*b + 440. Calculate the greatest common divisor of 55 and b.
55
Let y be (-9)/(-15)*(-30)/(-3). Suppose 3*i = -3*i + 36. What is the highest common factor of i and y?
6
Let f(v) = 42*v + 4. Let x be f(3). Calculate the highest common divisor of 52 and x.
26
Let z be (-4)/(-12) + 92/(-6). Let c be 2*3*z/(-6). Suppose 23 + 37 = 4*p. What is the greatest common divisor of p and c?
15
Let b = 120 + -3. Suppose -65 = -12*h + 7*h. What is the greatest common factor of b and h?
13
Let s = -44 - -59. What is the greatest common factor of 75 and s?
15
Let s be 30 - -1*(-2 + -1). Calculate the highest common factor of s and 18.
9
Let p(q) = -q**2 + 19*q + 7. Let b be p(19). Let n be (-2)/(-8) - 6/(-8). Suppose f = 2*f - n. What is the highest common factor of f and b?
1
Let z(y) = -y**2 - y + 5. Let x be z(0). Suppose -4*r = 3*w - 6*w - 483, -2*r = w - 239. Let t = r + -80. Calculate the greatest common factor of x and t.
5
Suppose 5*f = 54 + 66. Calculate the greatest common factor of 216 and f.
24
Let p be (8/4)/((-1)/(-2)). Suppose 3*u = 2*f + 23, -2*f - p = 2*f. What is the greatest common divisor of 28 and u?
7
Let m = 0 + 4. Let r = m - 1. Calculate the greatest common divisor of r and 9.
3
Let q = 6 - -6. Let n(c) = -c**3 - c**2 - c + 3. Let z be n(0). What is the greatest common divisor of q and z?
3
Let j(d) = d**2 + 17. Let h be j(10). What is the greatest common divisor of 13 and h?
13
Let s(n) = n**3 + 9*n**2 + 11*n + 4. Suppose 11 = -l + 4. Let t be s(l). Calculate the greatest common divisor of 5 and t.
5
Let t = -516 - -822. What is the highest common divisor of 34 and t?
34
Let m be 1*(-4)/10*-5. Suppose 2*n - 15 + 3 = -5*t, 6 = n - m*t. What is the greatest common divisor of n and 12?
6
Suppose -4*h + 5 = -3. Suppose q = -h*v - 39, -2*q + 3 = -3. Let d = 57 + v. What is the greatest common divisor of d and 54?
18
Let w(k) = 5*k + 3*k**3 + 5*k**2 + k - 4*k**3 + 5. Let j be w(6). Calculate the highest common divisor of 20 and j